*y - 2*d, l*y - d - d - 62 = 0. Let x = -13 + y. Calculate the remainder when x is divided by 2.
1
Let w = 30 + -13. What is the remainder when 62/2*1/1 is divided by w?
14
Suppose -r - 4*r + 650 = 0. Suppose -r = -6*o + o. What is the remainder when o is divided by 7?
5
Let l(i) = -i**2 - 2*i + 4. Let w be l(0). Suppose w*s + 4*n - 20 = 0, -5*s + 57 = 2*n - 5*n. Calculate the remainder when 15 is divided by s.
6
Let l be ((-12)/3)/8*0. Suppose l = 2*r - 4*r + 4. Let f = 8 + -3. What is the remainder when f is divided by r?
1
Suppose -5*b = -f - 2*f - 63, 0 = -5*b - 2*f + 58. What is the remainder when 47 is divided by b?
11
Let u(i) = 3*i**3 + 3*i**2 - 19*i - 5. Let v(w) = -2*w**3 - 2*w**2 + 13*w + 3. Let g(q) = -5*u(q) - 7*v(q). What is the remainder when 17 is divided by g(-3)?
7
Let f = 208 + -200. Let x(t) = 4*t - 2. Let r be x(-2). Let u = r + 24. What is the remainder when u is divided by f?
6
Suppose 17 = 5*j - 33. What is the remainder when j is divided by 4?
2
Let z(b) = b**3 - b**2 - 3. What is the remainder when z(4) is divided by 16?
13
Suppose -3*d = a - 129, -3*d - 4*a = -196 + 67. Calculate the remainder when d is divided by 16.
11
Let b = 18 - 15. Suppose 4*t + 2 = 14. Calculate the remainder when t is divided by b.
0
Suppose 4*y - 259 = -0*y - d, 0 = 2*y + 2*d - 134. Calculate the remainder when y is divided by 13.
12
Let z = 250 + -175. Calculate the remainder when z is divided by 26.
23
Let r(w) = -3*w**3 - 3*w - 6*w + 4*w - 1 + 4*w**3 + 6*w**2. Suppose -4*m - 2 - 22 = 0. Calculate the remainder when r(m) is divided by 10.
9
Let p = 0 - 0. Suppose p = -3*i + 6*i - 84. What is the remainder when i is divided by 36/24*40/6?
8
Let i = 19 + 24. Let p = i - 28. Calculate the remainder when 27 is divided by p.
12
Suppose -3*b = -52 - 68. Calculate the remainder when b is divided by 14.
12
Let y = -2 + 18. Suppose -96 = -5*q + 2*q. Let z = -23 + q. What is the remainder when y is divided by z?
7
Suppose -3*z - 48 = -5*z. Calculate the remainder when z is divided by 9.
6
Suppose -80 = -4*j - u + 27, 0 = 3*u - 9. Suppose -3*r = 12, 4*t + 0*t - 4*r - 32 = 0. Suppose -t*q = -q - 42. Calculate the remainder when j is divided by q.
12
Let m = 4 - -9. Suppose n + 123 = -j, 0 = -n - 2*j - 23 - 96. Let i = -77 - n. What is the remainder when i is divided by m?
11
Suppose -3*m + 4 = 3*c - 5, m = c - 9. What is the remainder when 17 is divided by c?
5
Suppose -74*q = -75*q + 11. What is the remainder when 19 is divided by q?
8
Let r = -30 + 85. Suppose 2*j + 17 = r. Suppose t = 4*t - 165. What is the remainder when t is divided by j?
17
Let g be 3/(-2)*8/(-12). Calculate the remainder when 5 is divided by 0 - (-3)/g - 1.
1
Let b(h) = -2*h - 4. Let w be b(-3). Suppose 0 = -3*o - w*o + 75. Suppose -176 = -7*v + 3*v. Calculate the remainder when v is divided by o.
14
Let v = -3 - -4. Let x = 1 + v. What is the remainder when x is divided by 1?
0
Let a(k) = k**3 - 4*k**2 + 3*k. Let i be a(3). Let m(u) = -u**3 - u**2 + u + 3. Let t be m(i). What is the remainder when 5 is divided by t/(6/4 - 0)?
1
Let w(q) = -q**2 - 9*q - 5. What is the remainder when 49 is divided by w(-6)?
10
Let h(c) be the first derivative of c**4/4 - 4*c**3/3 + 2*c**2 - 3*c + 2. Let y = 37 - 22. Calculate the remainder when h(5) is divided by y.
12
Let q = -55 - -83. Let a(k) be the first derivative of -9*k**2/2 - 3*k - 3. What is the remainder when q is divided by a(-2)?
13
Suppose 2*d - 3*p - 59 = -4*p, 0 = -2*p + 10. Suppose -3*a + 3*f + 18 = 0, -8*f + 3*f - d = -2*a. What is the remainder when a is divided by 1?
0
Let f(a) = 3*a + 25. Let p(i) = 2*i - 1. Let v be p(2). Suppose -1 = v*w - 43. What is the remainder when f(0) is divided by w?
11
Suppose 2*a = 10 + 2. What is the remainder when 17 is divided by a?
5
Suppose 0*v = 5*v - 20. Calculate the remainder when v/(-14) + 736/28 is divided by (-61)/(-7) - 4/(-14).
8
Suppose 56 = 3*q - x, x - 48 = -4*q - 3*x. Let f(w) = 110*w**2 - w. Let z be f(-1). Suppose 0 = -3*n + z - 15. Calculate the remainder when n is divided by q.
15
Let f(j) = -j**3 + 7*j**2 - 9*j + 11. What is the remainder when f(5) is divided by 6?
4
Suppose -5*o + x = -2*x - 51, -4*o + x = -38. Let d = 22 - o. What is the remainder when 24 is divided by d?
11
Let k(x) = -3*x + 13. Calculate the remainder when k(-4) is divided by 14.
11
Let l(m) = -m + 7. Calculate the remainder when l(0) is divided by 5.
2
Suppose -2*t + 43 = -23. What is the remainder when t is divided by 18?
15
Let s(w) = -w**3 + 6*w**2 + 9*w + 1. Calculate the remainder when 58 is divided by s(7).
13
Suppose -124 = -4*y - 2*m + 7*m, 2*y + 3*m = 84. What is the remainder when y is divided by 22?
14
Let j(r) = -r**2 - 5*r + 4. Let v be j(-5). Suppose -v*w + 48 = -w. Calculate the remainder when w is divided by (-1 + -4)*36/(-20).
7
Let g(x) = x**2 - x. Let h(w) = -2*w**2 + 12*w + 3. Let r be (-6)/4*8/4. Let p(l) = r*g(l) - h(l). Calculate the remainder when 14 is divided by p(-8).
4
Suppose 3 = -3*y + 18. Suppose 0 = 3*o, -5*r + 0*r - 5*o = -90. Calculate the remainder when r is divided by y.
3
Let n = 8 - -2. Calculate the remainder when 29 is divided by n.
9
Let p = 6 - -12. Calculate the remainder when p is divided by 4.
2
Let m = -1 + 7. Suppose -4*k + 10 + m = 0. What is the remainder when 14 is divided by k/6*(-105)/(-14)?
4
Let h(b) = -b**3 - 2*b**2 + b + 2. Let x be h(-3). Suppose 0 = -3*l, 5*q - l - x + 3 = 0. Calculate the remainder when q is divided by 1.
0
Let h be 9/(-2)*(-8)/(-6). What is the remainder when 146/6 + 2/h is divided by 13?
11
Suppose -2*t + 0*t - 5*n + 40 = 0, -t + 2*n + 38 = 0. Let x = -16 - -32. Calculate the remainder when t is divided by x.
14
Suppose 2*z + 0*z - 34 = 0. Let b(u) = -18*u - 7. Calculate the remainder when b(-4) is divided by z.
14
Let y(h) be the third derivative of -h**5/60 - 5*h**4/12 - h**3/3 + 3*h**2. What is the remainder when 55 is divided by y(-8)?
13
Let n = -76 + 81. What is the remainder when 23 is divided by n?
3
Let h = -30 + 109. Calculate the remainder when h is divided by 21.
16
Suppose 2*f - 15 = -3*f. Calculate the remainder when 4 is divided by f.
1
Let r = -45 + 68. Calculate the remainder when r is divided by 8.
7
Calculate the remainder when 19 is divided by (-84)/(-4)*((-3)/(-9))/1.
5
Let l(v) = 23*v**2 + 3*v + 1. Calculate the remainder when l(-2) is divided by 18.
15
Let a(c) = c**2 - 5*c + 5. What is the remainder when 132 is divided by a(7)?
18
Let v(j) = j**3 - 7*j**2 - j + 9. Let u(b) = -7 + 10*b + 9*b - 18*b. Calculate the remainder when v(7) is divided by u(8).
0
What is the remainder when 12/4 + -7 + 273 is divided by 16?
13
Suppose 7 = -5*k + 57. Calculate the remainder when 38 is divided by k.
8
Let o = 8 - 5. What is the remainder when 4 is divided by o?
1
Suppose -5*y = -6*y + 60. What is the remainder when y is divided by 21?
18
Suppose 4*a - 83 = -5*r, -3*r = -3*a + 2*r + 106. Calculate the remainder when 51 is divided by a.
24
Suppose 0 = -14*i + 9*i + 755. What is the remainder when i is divided by 17?
15
Let h = -14 + 60. Calculate the remainder when h is divided by ((-27)/(-21) + -3)*-7.
10
What is the remainder when (-1)/4 + (-2896)/(-64) is divided by 12?
9
Let m(c) = c**3 + 8*c**2 - 5. Let g be m(-8). What is the remainder when 4/20 - 104/g is divided by 12?
9
Let y(d) = d**2 - d - 2. What is the remainder when 13 is divided by y(3)?
1
Let a be 37 - (3 - (-4)/(-1)). Let y = a - 18. Let v = y + 10. What is the remainder when v is divided by 11?
8
Let g = 0 + 11. Calculate the remainder when 20 is divided by g.
9
Let p(c) = 2*c - 20. Calculate the remainder when 9 is divided by p(12).
1
Let m be -6*(-2 + (-2 - -5)). Calculate the remainder when 0/(-2) - (-56 + -9) is divided by 2*3/(m/(-22)).
21
Suppose 0*m - m = -6. Suppose 3 = -r - b + 6*b, -3 = -4*r + 5*b. What is the remainder when m is divided by r?
0
Let c(r) = r**3 + 10*r**2 + 7*r + 4. What is the remainder when c(-6) is divided by 36?
34
Suppose 5*x - 3 = -18, 3*u + 2*x - 3 = 0. Suppose 4*i + 11 = 4*s + 3*i, 4*s = u*i + 17. Suppose -3 = g - 4*g. Calculate the remainder when s is divided by g.
0
Let q = -20 - -35. Calculate the remainder when 58 is divided by q.
13
Let y = 0 - 2. Let r(v) = 2 - 2 + 1 + 3*v**2 + v - 4*v**3. Calculate the r